{"id":12389,"date":"2026-01-14T12:19:07","date_gmt":"2026-01-14T11:19:07","guid":{"rendered":"https:\/\/www.plataformadecomunicacio.com\/diputacion-de-barcelona\/"},"modified":"2026-01-14T12:19:07","modified_gmt":"2026-01-14T11:19:07","slug":"diputacion-de-barcelona","status":"publish","type":"page","link":"https:\/\/www.plataformadecomunicacio.com\/es\/diputacion-de-barcelona\/","title":{"rendered":"Diputaci\u00f3n de Barcelona"},"content":{"rendered":"\r\n<h1 class=\"wp-block-heading\">Diputaci\u00f3n de Barcelona<\/h1>\r\n\r\n\r\n\r\n<div class=\"wp-block-spacer\" style=\"height: 39px;\" aria-hidden=\"true\"><\/div>\r\n\r\n\r\n\r\n<h2 class=\"wp-block-heading\">Formaci\u00f3n antirumores<\/h2>\r\n\r\n\r\n\r\n<div class=\"wp-block-spacer\" style=\"height: 39px;\" aria-hidden=\"true\"><\/div>\r\n\r\n\r\n\r\n<div class=\"wp-block-media-text is-stacked-on-mobile is-vertically-aligned-center\">\r\n<figure class=\"wp-block-media-text__media\"><img loading=\"lazy\" decoding=\"async\" width=\"1024\" height=\"768\" class=\"wp-image-12095 size-full\" src=\"https:\/\/www.plataformadecomunicacio.com\/wp-content\/uploads\/2025\/12\/Fotos-per-pagina-web-12.png\" alt=\"\" srcset=\"https:\/\/www.plataformadecomunicacio.com\/wp-content\/uploads\/2025\/12\/Fotos-per-pagina-web-12.png 1024w, https:\/\/www.plataformadecomunicacio.com\/wp-content\/uploads\/2025\/12\/Fotos-per-pagina-web-12-300x225.png 300w, https:\/\/www.plataformadecomunicacio.com\/wp-content\/uploads\/2025\/12\/Fotos-per-pagina-web-12-768x576.png 768w, https:\/\/www.plataformadecomunicacio.com\/wp-content\/uploads\/2025\/12\/Fotos-per-pagina-web-12-705x529.png 705w\" sizes=\"auto, (max-width: 1024px) 100vw, 1024px\" \/><\/figure>\r\n<div class=\"wp-block-media-text__content\">\r\n\r\n\r\n<p class=\"has-text-align-left\">Sesiones dirigidas a t\u00e9cnicos y t\u00e9cnicas municipales sobre c\u00f3mo combatir las <strong><em>fake news<\/em><\/strong>.<\/p>\r\n\r\n\r\n<\/div>\r\n<\/div>\r\n","protected":false},"excerpt":{"rendered":"<p>Diputaci\u00f3n de Barcelona Formaci\u00f3n antirumores Sesiones dirigidas a t\u00e9cnicos y t\u00e9cnicas municipales sobre c\u00f3mo combatir las fake news.<\/p>\n","protected":false},"author":2,"featured_media":0,"parent":0,"menu_order":0,"comment_status":"closed","ping_status":"closed","template":"","meta":{"footnotes":""},"class_list":["post-12389","page","type-page","status-publish","hentry"],"yoast_head":"<!-- This site is optimized with the Yoast SEO plugin v26.1 - https:\/\/yoast.com\/wordpress\/plugins\/seo\/ -->\n<title>Diputaci\u00f3n de Barcelona - Plataforma de comunicaci\u00f3<\/title>\n<meta name=\"robots\" content=\"index, follow, max-snippet:-1, max-image-preview:large, max-video-preview:-1\" \/>\n<link rel=\"canonical\" href=\"https:\/\/www.plataformadecomunicacio.com\/diputacion-de-barcelona\/\" \/>\n<meta property=\"og:locale\" content=\"es_ES\" \/>\n<meta property=\"og:type\" content=\"article\" \/>\n<meta property=\"og:title\" content=\"Diputaci\u00f3n de Barcelona - Plataforma de comunicaci\u00f3\" \/>\n<meta property=\"og:description\" content=\"Diputaci\u00f3n de Barcelona Formaci\u00f3n antirumores Sesiones dirigidas a t\u00e9cnicos y t\u00e9cnicas municipales sobre c\u00f3mo combatir las fake news.\" \/>\n<meta property=\"og:url\" content=\"https:\/\/www.plataformadecomunicacio.com\/diputacion-de-barcelona\/\" \/>\n<meta property=\"og:site_name\" content=\"Plataforma de comunicaci\u00f3\" \/>\n<meta property=\"article:publisher\" content=\"https:\/\/www.facebook.com\/plataformadecomunicacio\/\" \/>\n<meta property=\"og:image\" content=\"https:\/\/www.plataformadecomunicacio.com\/wp-content\/uploads\/2025\/12\/Fotos-per-pagina-web-12.png\" \/>\n\t<meta property=\"og:image:width\" content=\"1024\" \/>\n\t<meta property=\"og:image:height\" content=\"768\" \/>\n\t<meta property=\"og:image:type\" content=\"image\/png\" \/>\n<meta name=\"twitter:card\" content=\"summary_large_image\" \/>\n<meta name=\"twitter:site\" content=\"@PlataformadeCom\" \/>\n<script type=\"application\/ld+json\" class=\"yoast-schema-graph\">{\"@context\":\"https:\/\/schema.org\",\"@graph\":[{\"@type\":\"WebPage\",\"@id\":\"https:\/\/www.plataformadecomunicacio.com\/diputacion-de-barcelona\/\",\"url\":\"https:\/\/www.plataformadecomunicacio.com\/diputacion-de-barcelona\/\",\"name\":\"Diputaci\u00f3n de Barcelona - Plataforma de comunicaci\u00f3\",\"isPartOf\":{\"@id\":\"https:\/\/www.plataformadecomunicacio.com\/#website\"},\"primaryImageOfPage\":{\"@id\":\"https:\/\/www.plataformadecomunicacio.com\/diputacion-de-barcelona\/#primaryimage\"},\"image\":{\"@id\":\"https:\/\/www.plataformadecomunicacio.com\/diputacion-de-barcelona\/#primaryimage\"},\"thumbnailUrl\":\"https:\/\/www.plataformadecomunicacio.com\/wp-content\/uploads\/2025\/12\/Fotos-per-pagina-web-12.png\",\"datePublished\":\"2026-01-14T11:19:07+00:00\",\"breadcrumb\":{\"@id\":\"https:\/\/www.plataformadecomunicacio.com\/diputacion-de-barcelona\/#breadcrumb\"},\"inLanguage\":\"es\",\"potentialAction\":[{\"@type\":\"ReadAction\",\"target\":[\"https:\/\/www.plataformadecomunicacio.com\/diputacion-de-barcelona\/\"]}]},{\"@type\":\"ImageObject\",\"inLanguage\":\"es\",\"@id\":\"https:\/\/www.plataformadecomunicacio.com\/diputacion-de-barcelona\/#primaryimage\",\"url\":\"https:\/\/www.plataformadecomunicacio.com\/wp-content\/uploads\/2025\/12\/Fotos-per-pagina-web-12.png\",\"contentUrl\":\"https:\/\/www.plataformadecomunicacio.com\/wp-content\/uploads\/2025\/12\/Fotos-per-pagina-web-12.png\"},{\"@type\":\"BreadcrumbList\",\"@id\":\"https:\/\/www.plataformadecomunicacio.com\/diputacion-de-barcelona\/#breadcrumb\",\"itemListElement\":[{\"@type\":\"ListItem\",\"position\":1,\"name\":\"Home\",\"item\":\"https:\/\/www.plataformadecomunicacio.com\/es\/inicio\/\"},{\"@type\":\"ListItem\",\"position\":2,\"name\":\"Diputaci\u00f3n de Barcelona\"}]},{\"@type\":\"WebSite\",\"@id\":\"https:\/\/www.plataformadecomunicacio.com\/#website\",\"url\":\"https:\/\/www.plataformadecomunicacio.com\/\",\"name\":\"Plataforma de comunicaci\u00f3\",\"description\":\"Comuniquem junts\",\"publisher\":{\"@id\":\"https:\/\/www.plataformadecomunicacio.com\/#organization\"},\"potentialAction\":[{\"@type\":\"SearchAction\",\"target\":{\"@type\":\"EntryPoint\",\"urlTemplate\":\"https:\/\/www.plataformadecomunicacio.com\/?s={search_term_string}\"},\"query-input\":{\"@type\":\"PropertyValueSpecification\",\"valueRequired\":true,\"valueName\":\"search_term_string\"}}],\"inLanguage\":\"es\"},{\"@type\":\"Organization\",\"@id\":\"https:\/\/www.plataformadecomunicacio.com\/#organization\",\"name\":\"Plataforma de comunicaci\u00f3\",\"url\":\"https:\/\/www.plataformadecomunicacio.com\/\",\"logo\":{\"@type\":\"ImageObject\",\"inLanguage\":\"es\",\"@id\":\"https:\/\/www.plataformadecomunicacio.com\/#\/schema\/logo\/image\/\",\"url\":\"https:\/\/www.plataformadecomunicacio.com\/wp-content\/uploads\/2019\/02\/Logo_plataforma.png\",\"contentUrl\":\"https:\/\/www.plataformadecomunicacio.com\/wp-content\/uploads\/2019\/02\/Logo_plataforma.png\",\"width\":505,\"height\":320,\"caption\":\"Plataforma de comunicaci\u00f3\"},\"image\":{\"@id\":\"https:\/\/www.plataformadecomunicacio.com\/#\/schema\/logo\/image\/\"},\"sameAs\":[\"https:\/\/www.facebook.com\/plataformadecomunicacio\/\",\"https:\/\/x.com\/PlataformadeCom\",\"https:\/\/www.linkedin.com\/company\/plataforma-de-comunicaci\u00f3\/\",\"https:\/\/www.youtube.com\/channel\/UCQ4-7CGw0atul0BbEAN5S9w\"]}]}<\/script>\n<!-- \/ Yoast SEO plugin. -->","yoast_head_json":{"title":"Diputaci\u00f3n de Barcelona - Plataforma de comunicaci\u00f3","robots":{"index":"index","follow":"follow","max-snippet":"max-snippet:-1","max-image-preview":"max-image-preview:large","max-video-preview":"max-video-preview:-1"},"canonical":"https:\/\/www.plataformadecomunicacio.com\/diputacion-de-barcelona\/","og_locale":"es_ES","og_type":"article","og_title":"Diputaci\u00f3n de Barcelona - Plataforma de comunicaci\u00f3","og_description":"Diputaci\u00f3n de Barcelona Formaci\u00f3n antirumores Sesiones dirigidas a t\u00e9cnicos y t\u00e9cnicas municipales sobre c\u00f3mo combatir las fake news.","og_url":"https:\/\/www.plataformadecomunicacio.com\/diputacion-de-barcelona\/","og_site_name":"Plataforma de comunicaci\u00f3","article_publisher":"https:\/\/www.facebook.com\/plataformadecomunicacio\/","og_image":[{"width":1024,"height":768,"url":"https:\/\/www.plataformadecomunicacio.com\/wp-content\/uploads\/2025\/12\/Fotos-per-pagina-web-12.png","type":"image\/png"}],"twitter_card":"summary_large_image","twitter_site":"@PlataformadeCom","schema":{"@context":"https:\/\/schema.org","@graph":[{"@type":"WebPage","@id":"https:\/\/www.plataformadecomunicacio.com\/diputacion-de-barcelona\/","url":"https:\/\/www.plataformadecomunicacio.com\/diputacion-de-barcelona\/","name":"Diputaci\u00f3n de Barcelona - Plataforma de comunicaci\u00f3","isPartOf":{"@id":"https:\/\/www.plataformadecomunicacio.com\/#website"},"primaryImageOfPage":{"@id":"https:\/\/www.plataformadecomunicacio.com\/diputacion-de-barcelona\/#primaryimage"},"image":{"@id":"https:\/\/www.plataformadecomunicacio.com\/diputacion-de-barcelona\/#primaryimage"},"thumbnailUrl":"https:\/\/www.plataformadecomunicacio.com\/wp-content\/uploads\/2025\/12\/Fotos-per-pagina-web-12.png","datePublished":"2026-01-14T11:19:07+00:00","breadcrumb":{"@id":"https:\/\/www.plataformadecomunicacio.com\/diputacion-de-barcelona\/#breadcrumb"},"inLanguage":"es","potentialAction":[{"@type":"ReadAction","target":["https:\/\/www.plataformadecomunicacio.com\/diputacion-de-barcelona\/"]}]},{"@type":"ImageObject","inLanguage":"es","@id":"https:\/\/www.plataformadecomunicacio.com\/diputacion-de-barcelona\/#primaryimage","url":"https:\/\/www.plataformadecomunicacio.com\/wp-content\/uploads\/2025\/12\/Fotos-per-pagina-web-12.png","contentUrl":"https:\/\/www.plataformadecomunicacio.com\/wp-content\/uploads\/2025\/12\/Fotos-per-pagina-web-12.png"},{"@type":"BreadcrumbList","@id":"https:\/\/www.plataformadecomunicacio.com\/diputacion-de-barcelona\/#breadcrumb","itemListElement":[{"@type":"ListItem","position":1,"name":"Home","item":"https:\/\/www.plataformadecomunicacio.com\/es\/inicio\/"},{"@type":"ListItem","position":2,"name":"Diputaci\u00f3n de Barcelona"}]},{"@type":"WebSite","@id":"https:\/\/www.plataformadecomunicacio.com\/#website","url":"https:\/\/www.plataformadecomunicacio.com\/","name":"Plataforma de comunicaci\u00f3","description":"Comuniquem junts","publisher":{"@id":"https:\/\/www.plataformadecomunicacio.com\/#organization"},"potentialAction":[{"@type":"SearchAction","target":{"@type":"EntryPoint","urlTemplate":"https:\/\/www.plataformadecomunicacio.com\/?s={search_term_string}"},"query-input":{"@type":"PropertyValueSpecification","valueRequired":true,"valueName":"search_term_string"}}],"inLanguage":"es"},{"@type":"Organization","@id":"https:\/\/www.plataformadecomunicacio.com\/#organization","name":"Plataforma de comunicaci\u00f3","url":"https:\/\/www.plataformadecomunicacio.com\/","logo":{"@type":"ImageObject","inLanguage":"es","@id":"https:\/\/www.plataformadecomunicacio.com\/#\/schema\/logo\/image\/","url":"https:\/\/www.plataformadecomunicacio.com\/wp-content\/uploads\/2019\/02\/Logo_plataforma.png","contentUrl":"https:\/\/www.plataformadecomunicacio.com\/wp-content\/uploads\/2019\/02\/Logo_plataforma.png","width":505,"height":320,"caption":"Plataforma de comunicaci\u00f3"},"image":{"@id":"https:\/\/www.plataformadecomunicacio.com\/#\/schema\/logo\/image\/"},"sameAs":["https:\/\/www.facebook.com\/plataformadecomunicacio\/","https:\/\/x.com\/PlataformadeCom","https:\/\/www.linkedin.com\/company\/plataforma-de-comunicaci\u00f3\/","https:\/\/www.youtube.com\/channel\/UCQ4-7CGw0atul0BbEAN5S9w"]}]}},"_links":{"self":[{"href":"https:\/\/www.plataformadecomunicacio.com\/es\/wp-json\/wp\/v2\/pages\/12389","targetHints":{"allow":["GET"]}}],"collection":[{"href":"https:\/\/www.plataformadecomunicacio.com\/es\/wp-json\/wp\/v2\/pages"}],"about":[{"href":"https:\/\/www.plataformadecomunicacio.com\/es\/wp-json\/wp\/v2\/types\/page"}],"author":[{"embeddable":true,"href":"https:\/\/www.plataformadecomunicacio.com\/es\/wp-json\/wp\/v2\/users\/2"}],"replies":[{"embeddable":true,"href":"https:\/\/www.plataformadecomunicacio.com\/es\/wp-json\/wp\/v2\/comments?post=12389"}],"version-history":[{"count":0,"href":"https:\/\/www.plataformadecomunicacio.com\/es\/wp-json\/wp\/v2\/pages\/12389\/revisions"}],"wp:attachment":[{"href":"https:\/\/www.plataformadecomunicacio.com\/es\/wp-json\/wp\/v2\/media?parent=12389"}],"curies":[{"name":"wp","href":"https:\/\/api.w.org\/{rel}","templated":true}]}}

Diputación de Barcelona

<h1 class="wp-block-heading">Diputación de Barcelona</h1>



<div class="wp-block-spacer" style="height: 39px;" aria-hidden="true"></div>



<h2 class="wp-block-heading">Formación antirumores</h2>



<div class="wp-block-spacer" style="height: 39px;" aria-hidden="true"></div>



<div class="wp-block-media-text is-stacked-on-mobile is-vertically-aligned-center">
<figure class="wp-block-media-text__media"><img loading="lazy" decoding="async" width="1024" height="768" class="wp-image-12095 size-full" src="https://www.plataformadecomunicacio.com/wp-content/uploads/2025/12/Fotos-per-pagina-web-12.png" alt="" srcset="https://www.plataformadecomunicacio.com/wp-content/uploads/2025/12/Fotos-per-pagina-web-12.png 1024w, https://www.plataformadecomunicacio.com/wp-content/uploads/2025/12/Fotos-per-pagina-web-12-300x225.png 300w, https://www.plataformadecomunicacio.com/wp-content/uploads/2025/12/Fotos-per-pagina-web-12-768x576.png 768w, https://www.plataformadecomunicacio.com/wp-content/uploads/2025/12/Fotos-per-pagina-web-12-705x529.png 705w" sizes="auto, (max-width: 1024px) 100vw, 1024px" /></figure>
<div class="wp-block-media-text__content">


<p class="has-text-align-left">Sesiones dirigidas a técnicos y técnicas municipales sobre cómo combatir las <strong><em>fake news</em></strong>.</p>


</div>
</div>

<p>Diputación de Barcelona Formación antirumores Sesiones dirigidas a técnicos y técnicas municipales sobre cómo combatir las fake news.</p>

<!-- This site is optimized with the Yoast SEO plugin v26.1 - https://yoast.com/wordpress/plugins/seo/ -->
<title>Diputación de Barcelona - Plataforma de comunicació</title>
<meta name="robots" content="index, follow, max-snippet:-1, max-image-preview:large, max-video-preview:-1" />
<link rel="canonical" href="https://www.plataformadecomunicacio.com/diputacion-de-barcelona/" />
<meta property="og:locale" content="es_ES" />
<meta property="og:type" content="article" />
<meta property="og:title" content="Diputación de Barcelona - Plataforma de comunicació" />
<meta property="og:description" content="Diputación de Barcelona Formación antirumores Sesiones dirigidas a técnicos y técnicas municipales sobre cómo combatir las fake news." />
<meta property="og:url" content="https://www.plataformadecomunicacio.com/diputacion-de-barcelona/" />
<meta property="og:site_name" content="Plataforma de comunicació" />
<meta property="article:publisher" content="https://www.facebook.com/plataformadecomunicacio/" />
<meta property="og:image" content="https://www.plataformadecomunicacio.com/wp-content/uploads/2025/12/Fotos-per-pagina-web-12.png" />
	<meta property="og:image:width" content="1024" />
	<meta property="og:image:height" content="768" />
	<meta property="og:image:type" content="image/png" />
<meta name="twitter:card" content="summary_large_image" />
<meta name="twitter:site" content="@PlataformadeCom" />
<script type="application/ld+json" class="yoast-schema-graph">{"@context":"https://schema.org","@graph":[{"@type":"WebPage","@id":"https://www.plataformadecomunicacio.com/diputacion-de-barcelona/","url":"https://www.plataformadecomunicacio.com/diputacion-de-barcelona/","name":"Diputación de Barcelona - Plataforma de comunicació","isPartOf":{"@id":"https://www.plataformadecomunicacio.com/#website"},"primaryImageOfPage":{"@id":"https://www.plataformadecomunicacio.com/diputacion-de-barcelona/#primaryimage"},"image":{"@id":"https://www.plataformadecomunicacio.com/diputacion-de-barcelona/#primaryimage"},"thumbnailUrl":"https://www.plataformadecomunicacio.com/wp-content/uploads/2025/12/Fotos-per-pagina-web-12.png","datePublished":"2026-01-14T11:19:07+00:00","breadcrumb":{"@id":"https://www.plataformadecomunicacio.com/diputacion-de-barcelona/#breadcrumb"},"inLanguage":"es","potentialAction":[{"@type":"ReadAction","target":["https://www.plataformadecomunicacio.com/diputacion-de-barcelona/"]}]},{"@type":"ImageObject","inLanguage":"es","@id":"https://www.plataformadecomunicacio.com/diputacion-de-barcelona/#primaryimage","url":"https://www.plataformadecomunicacio.com/wp-content/uploads/2025/12/Fotos-per-pagina-web-12.png","contentUrl":"https://www.plataformadecomunicacio.com/wp-content/uploads/2025/12/Fotos-per-pagina-web-12.png"},{"@type":"BreadcrumbList","@id":"https://www.plataformadecomunicacio.com/diputacion-de-barcelona/#breadcrumb","itemListElement":[{"@type":"ListItem","position":1,"name":"Home","item":"https://www.plataformadecomunicacio.com/es/inicio/"},{"@type":"ListItem","position":2,"name":"Diputación de Barcelona"}]},{"@type":"WebSite","@id":"https://www.plataformadecomunicacio.com/#website","url":"https://www.plataformadecomunicacio.com/","name":"Plataforma de comunicació","description":"Comuniquem junts","publisher":{"@id":"https://www.plataformadecomunicacio.com/#organization"},"potentialAction":[{"@type":"SearchAction","target":{"@type":"EntryPoint","urlTemplate":"https://www.plataformadecomunicacio.com/?s={search_term_string}"},"query-input":{"@type":"PropertyValueSpecification","valueRequired":true,"valueName":"search_term_string"}}],"inLanguage":"es"},{"@type":"Organization","@id":"https://www.plataformadecomunicacio.com/#organization","name":"Plataforma de comunicació","url":"https://www.plataformadecomunicacio.com/","logo":{"@type":"ImageObject","inLanguage":"es","@id":"https://www.plataformadecomunicacio.com/#/schema/logo/image/","url":"https://www.plataformadecomunicacio.com/wp-content/uploads/2019/02/Logo_plataforma.png","contentUrl":"https://www.plataformadecomunicacio.com/wp-content/uploads/2019/02/Logo_plataforma.png","width":505,"height":320,"caption":"Plataforma de comunicació"},"image":{"@id":"https://www.plataformadecomunicacio.com/#/schema/logo/image/"},"sameAs":["https://www.facebook.com/plataformadecomunicacio/","https://x.com/PlataformadeCom","https://www.linkedin.com/company/plataforma-de-comunicació/","https://www.youtube.com/channel/UCQ4-7CGw0atul0BbEAN5S9w"]}]}</script>
<!-- / Yoast SEO plugin. -->

Diputación de Barcelona - Plataforma de comunicació

Diputación de Barcelona Formación antirumores Sesiones dirigidas a técnicos y técnicas municipales sobre cómo combatir las fake news.

Plataforma de comunicació

https://www.linkedin.com/company/plataforma-de-comunicació/
