{"id":12390,"date":"2026-01-14T12:21:24","date_gmt":"2026-01-14T11:21:24","guid":{"rendered":"https:\/\/www.plataformadecomunicacio.com\/ayuntamiento-de-mollet-del-valles\/"},"modified":"2026-01-14T12:21:24","modified_gmt":"2026-01-14T11:21:24","slug":"ayuntamiento-de-mollet-del-valles","status":"publish","type":"page","link":"https:\/\/www.plataformadecomunicacio.com\/es\/ayuntamiento-de-mollet-del-valles\/","title":{"rendered":"Ayuntamiento de Mollet del Vall\u00e8s"},"content":{"rendered":"\r\n<h1 class=\"wp-block-heading\"><strong>Ayuntamiento de Mollet del Vall\u00e8s\r\n<\/strong><\/h1>\r\n\r\n\r\n\r\n<div class=\"wp-block-spacer\" style=\"height: 33px;\" aria-hidden=\"true\"><\/div>\r\n\r\n\r\n\r\n\r\n<strong>Asesoramiento y acompa\u00f1amiento<\/strong> en la creaci\u00f3n e implementaci\u00f3n de un <strong>Plan Estrat\u00e9gico de Igualdad<\/strong>, para garantizar el cumplimiento de la normativa y promover un entorno de trabajo inclusivo y respetuoso.\r\n\r\n\r\n\r\n\r\n<div class=\"wp-block-spacer\" style=\"height: 33px;\" aria-hidden=\"true\"><\/div>\r\n\r\n\r\n\r\n<figure class=\"wp-block-image size-full is-resized\"><img loading=\"lazy\" decoding=\"async\" width=\"600\" height=\"400\" class=\"wp-image-12343\" style=\"aspect-ratio: 1.778951391543032; width: 747px; height: auto;\" src=\"https:\/\/www.plataformadecomunicacio.com\/wp-content\/uploads\/2026\/01\/PORTADES-PROJECTES-1-1.png\" alt=\"\" srcset=\"https:\/\/www.plataformadecomunicacio.com\/wp-content\/uploads\/2026\/01\/PORTADES-PROJECTES-1-1.png 600w, https:\/\/www.plataformadecomunicacio.com\/wp-content\/uploads\/2026\/01\/PORTADES-PROJECTES-1-1-300x200.png 300w\" sizes=\"auto, (max-width: 600px) 100vw, 600px\" \/><\/figure>\r\n","protected":false},"excerpt":{"rendered":"<p>Ayuntamiento de Mollet del Vall\u00e8s Asesoramiento y acompa\u00f1amiento en la creaci\u00f3n e implementaci\u00f3n de un Plan Estrat\u00e9gico de Igualdad, para garantizar el cumplimiento de la normativa y promover un entorno de trabajo inclusivo y respetuoso.<\/p>\n","protected":false},"author":2,"featured_media":0,"parent":0,"menu_order":0,"comment_status":"closed","ping_status":"closed","template":"","meta":{"footnotes":""},"class_list":["post-12390","page","type-page","status-publish","hentry"],"yoast_head":"<!-- This site is optimized with the Yoast SEO plugin v26.1 - https:\/\/yoast.com\/wordpress\/plugins\/seo\/ -->\n<title>Ayuntamiento de Mollet del Vall\u00e8s - Plataforma de comunicaci\u00f3<\/title>\n<meta name=\"robots\" content=\"index, follow, max-snippet:-1, max-image-preview:large, max-video-preview:-1\" \/>\n<link rel=\"canonical\" href=\"https:\/\/www.plataformadecomunicacio.com\/ayuntamiento-de-mollet-del-valles\/\" \/>\n<meta property=\"og:locale\" content=\"es_ES\" \/>\n<meta property=\"og:type\" content=\"article\" \/>\n<meta property=\"og:title\" content=\"Ayuntamiento de Mollet del Vall\u00e8s - Plataforma de comunicaci\u00f3\" \/>\n<meta property=\"og:description\" content=\"Ayuntamiento de Mollet del Vall\u00e8s Asesoramiento y acompa\u00f1amiento en la creaci\u00f3n e implementaci\u00f3n de un Plan Estrat\u00e9gico de Igualdad, para garantizar el cumplimiento de la normativa y promover un entorno de trabajo inclusivo y respetuoso.\" \/>\n<meta property=\"og:url\" content=\"https:\/\/www.plataformadecomunicacio.com\/ayuntamiento-de-mollet-del-valles\/\" \/>\n<meta property=\"og:site_name\" content=\"Plataforma de comunicaci\u00f3\" \/>\n<meta property=\"article:publisher\" content=\"https:\/\/www.facebook.com\/plataformadecomunicacio\/\" \/>\n<meta property=\"og:image\" content=\"https:\/\/www.plataformadecomunicacio.com\/wp-content\/uploads\/2026\/01\/PORTADES-PROJECTES-1-1.png\" \/>\n\t<meta property=\"og:image:width\" content=\"600\" \/>\n\t<meta property=\"og:image:height\" content=\"400\" \/>\n\t<meta property=\"og:image:type\" content=\"image\/png\" \/>\n<meta name=\"twitter:card\" content=\"summary_large_image\" \/>\n<meta name=\"twitter:site\" content=\"@PlataformadeCom\" \/>\n<script type=\"application\/ld+json\" class=\"yoast-schema-graph\">{\"@context\":\"https:\/\/schema.org\",\"@graph\":[{\"@type\":\"WebPage\",\"@id\":\"https:\/\/www.plataformadecomunicacio.com\/ayuntamiento-de-mollet-del-valles\/\",\"url\":\"https:\/\/www.plataformadecomunicacio.com\/ayuntamiento-de-mollet-del-valles\/\",\"name\":\"Ayuntamiento de Mollet del Vall\u00e8s - Plataforma de comunicaci\u00f3\",\"isPartOf\":{\"@id\":\"https:\/\/www.plataformadecomunicacio.com\/#website\"},\"primaryImageOfPage\":{\"@id\":\"https:\/\/www.plataformadecomunicacio.com\/ayuntamiento-de-mollet-del-valles\/#primaryimage\"},\"image\":{\"@id\":\"https:\/\/www.plataformadecomunicacio.com\/ayuntamiento-de-mollet-del-valles\/#primaryimage\"},\"thumbnailUrl\":\"https:\/\/www.plataformadecomunicacio.com\/wp-content\/uploads\/2026\/01\/PORTADES-PROJECTES-1-1.png\",\"datePublished\":\"2026-01-14T11:21:24+00:00\",\"breadcrumb\":{\"@id\":\"https:\/\/www.plataformadecomunicacio.com\/ayuntamiento-de-mollet-del-valles\/#breadcrumb\"},\"inLanguage\":\"es\",\"potentialAction\":[{\"@type\":\"ReadAction\",\"target\":[\"https:\/\/www.plataformadecomunicacio.com\/ayuntamiento-de-mollet-del-valles\/\"]}]},{\"@type\":\"ImageObject\",\"inLanguage\":\"es\",\"@id\":\"https:\/\/www.plataformadecomunicacio.com\/ayuntamiento-de-mollet-del-valles\/#primaryimage\",\"url\":\"https:\/\/www.plataformadecomunicacio.com\/wp-content\/uploads\/2026\/01\/PORTADES-PROJECTES-1-1.png\",\"contentUrl\":\"https:\/\/www.plataformadecomunicacio.com\/wp-content\/uploads\/2026\/01\/PORTADES-PROJECTES-1-1.png\"},{\"@type\":\"BreadcrumbList\",\"@id\":\"https:\/\/www.plataformadecomunicacio.com\/ayuntamiento-de-mollet-del-valles\/#breadcrumb\",\"itemListElement\":[{\"@type\":\"ListItem\",\"position\":1,\"name\":\"Home\",\"item\":\"https:\/\/www.plataformadecomunicacio.com\/es\/inicio\/\"},{\"@type\":\"ListItem\",\"position\":2,\"name\":\"Ayuntamiento de Mollet del Vall\u00e8s\"}]},{\"@type\":\"WebSite\",\"@id\":\"https:\/\/www.plataformadecomunicacio.com\/#website\",\"url\":\"https:\/\/www.plataformadecomunicacio.com\/\",\"name\":\"Plataforma de comunicaci\u00f3\",\"description\":\"Comuniquem junts\",\"publisher\":{\"@id\":\"https:\/\/www.plataformadecomunicacio.com\/#organization\"},\"potentialAction\":[{\"@type\":\"SearchAction\",\"target\":{\"@type\":\"EntryPoint\",\"urlTemplate\":\"https:\/\/www.plataformadecomunicacio.com\/?s={search_term_string}\"},\"query-input\":{\"@type\":\"PropertyValueSpecification\",\"valueRequired\":true,\"valueName\":\"search_term_string\"}}],\"inLanguage\":\"es\"},{\"@type\":\"Organization\",\"@id\":\"https:\/\/www.plataformadecomunicacio.com\/#organization\",\"name\":\"Plataforma de comunicaci\u00f3\",\"url\":\"https:\/\/www.plataformadecomunicacio.com\/\",\"logo\":{\"@type\":\"ImageObject\",\"inLanguage\":\"es\",\"@id\":\"https:\/\/www.plataformadecomunicacio.com\/#\/schema\/logo\/image\/\",\"url\":\"https:\/\/www.plataformadecomunicacio.com\/wp-content\/uploads\/2019\/02\/Logo_plataforma.png\",\"contentUrl\":\"https:\/\/www.plataformadecomunicacio.com\/wp-content\/uploads\/2019\/02\/Logo_plataforma.png\",\"width\":505,\"height\":320,\"caption\":\"Plataforma de comunicaci\u00f3\"},\"image\":{\"@id\":\"https:\/\/www.plataformadecomunicacio.com\/#\/schema\/logo\/image\/\"},\"sameAs\":[\"https:\/\/www.facebook.com\/plataformadecomunicacio\/\",\"https:\/\/x.com\/PlataformadeCom\",\"https:\/\/www.linkedin.com\/company\/plataforma-de-comunicaci\u00f3\/\",\"https:\/\/www.youtube.com\/channel\/UCQ4-7CGw0atul0BbEAN5S9w\"]}]}<\/script>\n<!-- \/ Yoast SEO plugin. -->","yoast_head_json":{"title":"Ayuntamiento de Mollet del Vall\u00e8s - Plataforma de comunicaci\u00f3","robots":{"index":"index","follow":"follow","max-snippet":"max-snippet:-1","max-image-preview":"max-image-preview:large","max-video-preview":"max-video-preview:-1"},"canonical":"https:\/\/www.plataformadecomunicacio.com\/ayuntamiento-de-mollet-del-valles\/","og_locale":"es_ES","og_type":"article","og_title":"Ayuntamiento de Mollet del Vall\u00e8s - Plataforma de comunicaci\u00f3","og_description":"Ayuntamiento de Mollet del Vall\u00e8s Asesoramiento y acompa\u00f1amiento en la creaci\u00f3n e implementaci\u00f3n de un Plan Estrat\u00e9gico de Igualdad, para garantizar el cumplimiento de la normativa y promover un entorno de trabajo inclusivo y respetuoso.","og_url":"https:\/\/www.plataformadecomunicacio.com\/ayuntamiento-de-mollet-del-valles\/","og_site_name":"Plataforma de comunicaci\u00f3","article_publisher":"https:\/\/www.facebook.com\/plataformadecomunicacio\/","og_image":[{"width":600,"height":400,"url":"https:\/\/www.plataformadecomunicacio.com\/wp-content\/uploads\/2026\/01\/PORTADES-PROJECTES-1-1.png","type":"image\/png"}],"twitter_card":"summary_large_image","twitter_site":"@PlataformadeCom","schema":{"@context":"https:\/\/schema.org","@graph":[{"@type":"WebPage","@id":"https:\/\/www.plataformadecomunicacio.com\/ayuntamiento-de-mollet-del-valles\/","url":"https:\/\/www.plataformadecomunicacio.com\/ayuntamiento-de-mollet-del-valles\/","name":"Ayuntamiento de Mollet del Vall\u00e8s - Plataforma de comunicaci\u00f3","isPartOf":{"@id":"https:\/\/www.plataformadecomunicacio.com\/#website"},"primaryImageOfPage":{"@id":"https:\/\/www.plataformadecomunicacio.com\/ayuntamiento-de-mollet-del-valles\/#primaryimage"},"image":{"@id":"https:\/\/www.plataformadecomunicacio.com\/ayuntamiento-de-mollet-del-valles\/#primaryimage"},"thumbnailUrl":"https:\/\/www.plataformadecomunicacio.com\/wp-content\/uploads\/2026\/01\/PORTADES-PROJECTES-1-1.png","datePublished":"2026-01-14T11:21:24+00:00","breadcrumb":{"@id":"https:\/\/www.plataformadecomunicacio.com\/ayuntamiento-de-mollet-del-valles\/#breadcrumb"},"inLanguage":"es","potentialAction":[{"@type":"ReadAction","target":["https:\/\/www.plataformadecomunicacio.com\/ayuntamiento-de-mollet-del-valles\/"]}]},{"@type":"ImageObject","inLanguage":"es","@id":"https:\/\/www.plataformadecomunicacio.com\/ayuntamiento-de-mollet-del-valles\/#primaryimage","url":"https:\/\/www.plataformadecomunicacio.com\/wp-content\/uploads\/2026\/01\/PORTADES-PROJECTES-1-1.png","contentUrl":"https:\/\/www.plataformadecomunicacio.com\/wp-content\/uploads\/2026\/01\/PORTADES-PROJECTES-1-1.png"},{"@type":"BreadcrumbList","@id":"https:\/\/www.plataformadecomunicacio.com\/ayuntamiento-de-mollet-del-valles\/#breadcrumb","itemListElement":[{"@type":"ListItem","position":1,"name":"Home","item":"https:\/\/www.plataformadecomunicacio.com\/es\/inicio\/"},{"@type":"ListItem","position":2,"name":"Ayuntamiento de Mollet del Vall\u00e8s"}]},{"@type":"WebSite","@id":"https:\/\/www.plataformadecomunicacio.com\/#website","url":"https:\/\/www.plataformadecomunicacio.com\/","name":"Plataforma de comunicaci\u00f3","description":"Comuniquem junts","publisher":{"@id":"https:\/\/www.plataformadecomunicacio.com\/#organization"},"potentialAction":[{"@type":"SearchAction","target":{"@type":"EntryPoint","urlTemplate":"https:\/\/www.plataformadecomunicacio.com\/?s={search_term_string}"},"query-input":{"@type":"PropertyValueSpecification","valueRequired":true,"valueName":"search_term_string"}}],"inLanguage":"es"},{"@type":"Organization","@id":"https:\/\/www.plataformadecomunicacio.com\/#organization","name":"Plataforma de comunicaci\u00f3","url":"https:\/\/www.plataformadecomunicacio.com\/","logo":{"@type":"ImageObject","inLanguage":"es","@id":"https:\/\/www.plataformadecomunicacio.com\/#\/schema\/logo\/image\/","url":"https:\/\/www.plataformadecomunicacio.com\/wp-content\/uploads\/2019\/02\/Logo_plataforma.png","contentUrl":"https:\/\/www.plataformadecomunicacio.com\/wp-content\/uploads\/2019\/02\/Logo_plataforma.png","width":505,"height":320,"caption":"Plataforma de comunicaci\u00f3"},"image":{"@id":"https:\/\/www.plataformadecomunicacio.com\/#\/schema\/logo\/image\/"},"sameAs":["https:\/\/www.facebook.com\/plataformadecomunicacio\/","https:\/\/x.com\/PlataformadeCom","https:\/\/www.linkedin.com\/company\/plataforma-de-comunicaci\u00f3\/","https:\/\/www.youtube.com\/channel\/UCQ4-7CGw0atul0BbEAN5S9w"]}]}},"_links":{"self":[{"href":"https:\/\/www.plataformadecomunicacio.com\/es\/wp-json\/wp\/v2\/pages\/12390","targetHints":{"allow":["GET"]}}],"collection":[{"href":"https:\/\/www.plataformadecomunicacio.com\/es\/wp-json\/wp\/v2\/pages"}],"about":[{"href":"https:\/\/www.plataformadecomunicacio.com\/es\/wp-json\/wp\/v2\/types\/page"}],"author":[{"embeddable":true,"href":"https:\/\/www.plataformadecomunicacio.com\/es\/wp-json\/wp\/v2\/users\/2"}],"replies":[{"embeddable":true,"href":"https:\/\/www.plataformadecomunicacio.com\/es\/wp-json\/wp\/v2\/comments?post=12390"}],"version-history":[{"count":0,"href":"https:\/\/www.plataformadecomunicacio.com\/es\/wp-json\/wp\/v2\/pages\/12390\/revisions"}],"wp:attachment":[{"href":"https:\/\/www.plataformadecomunicacio.com\/es\/wp-json\/wp\/v2\/media?parent=12390"}],"curies":[{"name":"wp","href":"https:\/\/api.w.org\/{rel}","templated":true}]}}

Ayuntamiento de Mollet del Vallès

<h1 class="wp-block-heading"><strong>Ayuntamiento de Mollet del Vallès
</strong></h1>



<div class="wp-block-spacer" style="height: 33px;" aria-hidden="true"></div>




<strong>Asesoramiento y acompañamiento</strong> en la creación e implementación de un <strong>Plan Estratégico de Igualdad</strong>, para garantizar el cumplimiento de la normativa y promover un entorno de trabajo inclusivo y respetuoso.




<div class="wp-block-spacer" style="height: 33px;" aria-hidden="true"></div>



<figure class="wp-block-image size-full is-resized"><img loading="lazy" decoding="async" width="600" height="400" class="wp-image-12343" style="aspect-ratio: 1.778951391543032; width: 747px; height: auto;" src="https://www.plataformadecomunicacio.com/wp-content/uploads/2026/01/PORTADES-PROJECTES-1-1.png" alt="" srcset="https://www.plataformadecomunicacio.com/wp-content/uploads/2026/01/PORTADES-PROJECTES-1-1.png 600w, https://www.plataformadecomunicacio.com/wp-content/uploads/2026/01/PORTADES-PROJECTES-1-1-300x200.png 300w" sizes="auto, (max-width: 600px) 100vw, 600px" /></figure>

<p>Ayuntamiento de Mollet del Vallès Asesoramiento y acompañamiento en la creación e implementación de un Plan Estratégico de Igualdad, para garantizar el cumplimiento de la normativa y promover un entorno de trabajo inclusivo y respetuoso.</p>

<!-- This site is optimized with the Yoast SEO plugin v26.1 - https://yoast.com/wordpress/plugins/seo/ -->
<title>Ayuntamiento de Mollet del Vallès - Plataforma de comunicació</title>
<meta name="robots" content="index, follow, max-snippet:-1, max-image-preview:large, max-video-preview:-1" />
<link rel="canonical" href="https://www.plataformadecomunicacio.com/ayuntamiento-de-mollet-del-valles/" />
<meta property="og:locale" content="es_ES" />
<meta property="og:type" content="article" />
<meta property="og:title" content="Ayuntamiento de Mollet del Vallès - Plataforma de comunicació" />
<meta property="og:description" content="Ayuntamiento de Mollet del Vallès Asesoramiento y acompañamiento en la creación e implementación de un Plan Estratégico de Igualdad, para garantizar el cumplimiento de la normativa y promover un entorno de trabajo inclusivo y respetuoso." />
<meta property="og:url" content="https://www.plataformadecomunicacio.com/ayuntamiento-de-mollet-del-valles/" />
<meta property="og:site_name" content="Plataforma de comunicació" />
<meta property="article:publisher" content="https://www.facebook.com/plataformadecomunicacio/" />
<meta property="og:image" content="https://www.plataformadecomunicacio.com/wp-content/uploads/2026/01/PORTADES-PROJECTES-1-1.png" />
	<meta property="og:image:width" content="600" />
	<meta property="og:image:height" content="400" />
	<meta property="og:image:type" content="image/png" />
<meta name="twitter:card" content="summary_large_image" />
<meta name="twitter:site" content="@PlataformadeCom" />
<script type="application/ld+json" class="yoast-schema-graph">{"@context":"https://schema.org","@graph":[{"@type":"WebPage","@id":"https://www.plataformadecomunicacio.com/ayuntamiento-de-mollet-del-valles/","url":"https://www.plataformadecomunicacio.com/ayuntamiento-de-mollet-del-valles/","name":"Ayuntamiento de Mollet del Vallès - Plataforma de comunicació","isPartOf":{"@id":"https://www.plataformadecomunicacio.com/#website"},"primaryImageOfPage":{"@id":"https://www.plataformadecomunicacio.com/ayuntamiento-de-mollet-del-valles/#primaryimage"},"image":{"@id":"https://www.plataformadecomunicacio.com/ayuntamiento-de-mollet-del-valles/#primaryimage"},"thumbnailUrl":"https://www.plataformadecomunicacio.com/wp-content/uploads/2026/01/PORTADES-PROJECTES-1-1.png","datePublished":"2026-01-14T11:21:24+00:00","breadcrumb":{"@id":"https://www.plataformadecomunicacio.com/ayuntamiento-de-mollet-del-valles/#breadcrumb"},"inLanguage":"es","potentialAction":[{"@type":"ReadAction","target":["https://www.plataformadecomunicacio.com/ayuntamiento-de-mollet-del-valles/"]}]},{"@type":"ImageObject","inLanguage":"es","@id":"https://www.plataformadecomunicacio.com/ayuntamiento-de-mollet-del-valles/#primaryimage","url":"https://www.plataformadecomunicacio.com/wp-content/uploads/2026/01/PORTADES-PROJECTES-1-1.png","contentUrl":"https://www.plataformadecomunicacio.com/wp-content/uploads/2026/01/PORTADES-PROJECTES-1-1.png"},{"@type":"BreadcrumbList","@id":"https://www.plataformadecomunicacio.com/ayuntamiento-de-mollet-del-valles/#breadcrumb","itemListElement":[{"@type":"ListItem","position":1,"name":"Home","item":"https://www.plataformadecomunicacio.com/es/inicio/"},{"@type":"ListItem","position":2,"name":"Ayuntamiento de Mollet del Vallès"}]},{"@type":"WebSite","@id":"https://www.plataformadecomunicacio.com/#website","url":"https://www.plataformadecomunicacio.com/","name":"Plataforma de comunicació","description":"Comuniquem junts","publisher":{"@id":"https://www.plataformadecomunicacio.com/#organization"},"potentialAction":[{"@type":"SearchAction","target":{"@type":"EntryPoint","urlTemplate":"https://www.plataformadecomunicacio.com/?s={search_term_string}"},"query-input":{"@type":"PropertyValueSpecification","valueRequired":true,"valueName":"search_term_string"}}],"inLanguage":"es"},{"@type":"Organization","@id":"https://www.plataformadecomunicacio.com/#organization","name":"Plataforma de comunicació","url":"https://www.plataformadecomunicacio.com/","logo":{"@type":"ImageObject","inLanguage":"es","@id":"https://www.plataformadecomunicacio.com/#/schema/logo/image/","url":"https://www.plataformadecomunicacio.com/wp-content/uploads/2019/02/Logo_plataforma.png","contentUrl":"https://www.plataformadecomunicacio.com/wp-content/uploads/2019/02/Logo_plataforma.png","width":505,"height":320,"caption":"Plataforma de comunicació"},"image":{"@id":"https://www.plataformadecomunicacio.com/#/schema/logo/image/"},"sameAs":["https://www.facebook.com/plataformadecomunicacio/","https://x.com/PlataformadeCom","https://www.linkedin.com/company/plataforma-de-comunicació/","https://www.youtube.com/channel/UCQ4-7CGw0atul0BbEAN5S9w"]}]}</script>
<!-- / Yoast SEO plugin. -->

Ayuntamiento de Mollet del Vallès - Plataforma de comunicació

Ayuntamiento de Mollet del Vallès Asesoramiento y acompañamiento en la creación e implementación de un Plan Estratégico de Igualdad, para garantizar el cumplimiento de la normativa y promover un entorno de trabajo inclusivo y respetuoso.

Plataforma de comunicació

https://www.linkedin.com/company/plataforma-de-comunicació/
