{"id":12392,"date":"2026-01-14T12:26:03","date_gmt":"2026-01-14T11:26:03","guid":{"rendered":"https:\/\/www.plataformadecomunicacio.com\/ayuntamiento-de-la-vila-de-piera\/"},"modified":"2026-01-14T12:26:03","modified_gmt":"2026-01-14T11:26:03","slug":"ayuntamiento-de-la-vila-de-piera","status":"publish","type":"page","link":"https:\/\/www.plataformadecomunicacio.com\/es\/ayuntamiento-de-la-vila-de-piera\/","title":{"rendered":"Ayuntamiento de la Vila de Piera"},"content":{"rendered":"\r\n<h1 class=\"wp-block-heading\"><strong>Ayuntamiento de la Vila de Piera<\/strong><\/h1>\r\n\r\n\r\n\r\n<div class=\"wp-block-spacer\" style=\"height: 20px;\" aria-hidden=\"true\"><\/div>\r\n\r\n\r\n\r\n\r\nServicios de <strong>comunicaci\u00f3n institucional<\/strong>: gesti\u00f3n y elaboraci\u00f3n de contenidos institucionales para el Ayuntamiento de la Vila Piera, con el objetivo de <strong>reforzar la imagen p\u00fablica, transmitir los valores del municipio y acercar la actividad de la instituci\u00f3n a la ciudadan\u00eda<\/strong>.\r\n\r\n\r\n\r\n\r\n<figure class=\"wp-block-gallery has-nested-images columns-default is-cropped wp-block-gallery-1 is-layout-flex wp-block-gallery-is-layout-flex\">\r\n<figure class=\"wp-block-image size-large\"><img loading=\"lazy\" decoding=\"async\" width=\"1024\" height=\"768\" data-id=\"12125\" class=\"wp-image-12125\" src=\"https:\/\/www.plataformadecomunicacio.com\/wp-content\/uploads\/2025\/12\/Fotos-per-pagina-web-3-4.png\" alt=\"\" srcset=\"https:\/\/www.plataformadecomunicacio.com\/wp-content\/uploads\/2025\/12\/Fotos-per-pagina-web-3-4.png 1024w, https:\/\/www.plataformadecomunicacio.com\/wp-content\/uploads\/2025\/12\/Fotos-per-pagina-web-3-4-300x225.png 300w, https:\/\/www.plataformadecomunicacio.com\/wp-content\/uploads\/2025\/12\/Fotos-per-pagina-web-3-4-768x576.png 768w, https:\/\/www.plataformadecomunicacio.com\/wp-content\/uploads\/2025\/12\/Fotos-per-pagina-web-3-4-705x529.png 705w\" sizes=\"auto, (max-width: 1024px) 100vw, 1024px\" \/><\/figure>\r\n<\/figure>\r\n","protected":false},"excerpt":{"rendered":"<p>Ayuntamiento de la Vila de Piera Servicios de comunicaci\u00f3n institucional: gesti\u00f3n y elaboraci\u00f3n de contenidos institucionales para el Ayuntamiento de la Vila Piera, con el objetivo de reforzar la imagen p\u00fablica, transmitir los valores del municipio y acercar la actividad de la instituci\u00f3n a la ciudadan\u00eda.<\/p>\n","protected":false},"author":2,"featured_media":0,"parent":0,"menu_order":0,"comment_status":"closed","ping_status":"closed","template":"","meta":{"footnotes":""},"class_list":["post-12392","page","type-page","status-publish","hentry"],"yoast_head":"<!-- This site is optimized with the Yoast SEO plugin v26.1 - https:\/\/yoast.com\/wordpress\/plugins\/seo\/ -->\n<title>Ayuntamiento de la Vila de Piera - Plataforma de comunicaci\u00f3<\/title>\n<meta name=\"robots\" content=\"index, follow, max-snippet:-1, max-image-preview:large, max-video-preview:-1\" \/>\n<link rel=\"canonical\" href=\"https:\/\/www.plataformadecomunicacio.com\/ayuntamiento-de-la-vila-de-piera\/\" \/>\n<meta property=\"og:locale\" content=\"es_ES\" \/>\n<meta property=\"og:type\" content=\"article\" \/>\n<meta property=\"og:title\" content=\"Ayuntamiento de la Vila de Piera - Plataforma de comunicaci\u00f3\" \/>\n<meta property=\"og:description\" content=\"Ayuntamiento de la Vila de Piera Servicios de comunicaci\u00f3n institucional: gesti\u00f3n y elaboraci\u00f3n de contenidos institucionales para el Ayuntamiento de la Vila Piera, con el objetivo de reforzar la imagen p\u00fablica, transmitir los valores del municipio y acercar la actividad de la instituci\u00f3n a la ciudadan\u00eda.\" \/>\n<meta property=\"og:url\" content=\"https:\/\/www.plataformadecomunicacio.com\/ayuntamiento-de-la-vila-de-piera\/\" \/>\n<meta property=\"og:site_name\" content=\"Plataforma de comunicaci\u00f3\" \/>\n<meta property=\"article:publisher\" content=\"https:\/\/www.facebook.com\/plataformadecomunicacio\/\" \/>\n<meta property=\"og:image\" content=\"https:\/\/www.plataformadecomunicacio.com\/wp-content\/uploads\/2025\/12\/Fotos-per-pagina-web-3-4.png\" \/>\n\t<meta property=\"og:image:width\" content=\"1024\" \/>\n\t<meta property=\"og:image:height\" content=\"768\" \/>\n\t<meta property=\"og:image:type\" content=\"image\/png\" \/>\n<meta name=\"twitter:card\" content=\"summary_large_image\" \/>\n<meta name=\"twitter:site\" content=\"@PlataformadeCom\" \/>\n<script type=\"application\/ld+json\" class=\"yoast-schema-graph\">{\"@context\":\"https:\/\/schema.org\",\"@graph\":[{\"@type\":\"WebPage\",\"@id\":\"https:\/\/www.plataformadecomunicacio.com\/ayuntamiento-de-la-vila-de-piera\/\",\"url\":\"https:\/\/www.plataformadecomunicacio.com\/ayuntamiento-de-la-vila-de-piera\/\",\"name\":\"Ayuntamiento de la Vila de Piera - Plataforma de comunicaci\u00f3\",\"isPartOf\":{\"@id\":\"https:\/\/www.plataformadecomunicacio.com\/#website\"},\"primaryImageOfPage\":{\"@id\":\"https:\/\/www.plataformadecomunicacio.com\/ayuntamiento-de-la-vila-de-piera\/#primaryimage\"},\"image\":{\"@id\":\"https:\/\/www.plataformadecomunicacio.com\/ayuntamiento-de-la-vila-de-piera\/#primaryimage\"},\"thumbnailUrl\":\"https:\/\/www.plataformadecomunicacio.com\/wp-content\/uploads\/2025\/12\/Fotos-per-pagina-web-3-4.png\",\"datePublished\":\"2026-01-14T11:26:03+00:00\",\"breadcrumb\":{\"@id\":\"https:\/\/www.plataformadecomunicacio.com\/ayuntamiento-de-la-vila-de-piera\/#breadcrumb\"},\"inLanguage\":\"es\",\"potentialAction\":[{\"@type\":\"ReadAction\",\"target\":[\"https:\/\/www.plataformadecomunicacio.com\/ayuntamiento-de-la-vila-de-piera\/\"]}]},{\"@type\":\"ImageObject\",\"inLanguage\":\"es\",\"@id\":\"https:\/\/www.plataformadecomunicacio.com\/ayuntamiento-de-la-vila-de-piera\/#primaryimage\",\"url\":\"https:\/\/www.plataformadecomunicacio.com\/wp-content\/uploads\/2025\/12\/Fotos-per-pagina-web-3-4.png\",\"contentUrl\":\"https:\/\/www.plataformadecomunicacio.com\/wp-content\/uploads\/2025\/12\/Fotos-per-pagina-web-3-4.png\"},{\"@type\":\"BreadcrumbList\",\"@id\":\"https:\/\/www.plataformadecomunicacio.com\/ayuntamiento-de-la-vila-de-piera\/#breadcrumb\",\"itemListElement\":[{\"@type\":\"ListItem\",\"position\":1,\"name\":\"Home\",\"item\":\"https:\/\/www.plataformadecomunicacio.com\/es\/inicio\/\"},{\"@type\":\"ListItem\",\"position\":2,\"name\":\"Ayuntamiento de la Vila de Piera\"}]},{\"@type\":\"WebSite\",\"@id\":\"https:\/\/www.plataformadecomunicacio.com\/#website\",\"url\":\"https:\/\/www.plataformadecomunicacio.com\/\",\"name\":\"Plataforma de comunicaci\u00f3\",\"description\":\"Comuniquem junts\",\"publisher\":{\"@id\":\"https:\/\/www.plataformadecomunicacio.com\/#organization\"},\"potentialAction\":[{\"@type\":\"SearchAction\",\"target\":{\"@type\":\"EntryPoint\",\"urlTemplate\":\"https:\/\/www.plataformadecomunicacio.com\/?s={search_term_string}\"},\"query-input\":{\"@type\":\"PropertyValueSpecification\",\"valueRequired\":true,\"valueName\":\"search_term_string\"}}],\"inLanguage\":\"es\"},{\"@type\":\"Organization\",\"@id\":\"https:\/\/www.plataformadecomunicacio.com\/#organization\",\"name\":\"Plataforma de comunicaci\u00f3\",\"url\":\"https:\/\/www.plataformadecomunicacio.com\/\",\"logo\":{\"@type\":\"ImageObject\",\"inLanguage\":\"es\",\"@id\":\"https:\/\/www.plataformadecomunicacio.com\/#\/schema\/logo\/image\/\",\"url\":\"https:\/\/www.plataformadecomunicacio.com\/wp-content\/uploads\/2019\/02\/Logo_plataforma.png\",\"contentUrl\":\"https:\/\/www.plataformadecomunicacio.com\/wp-content\/uploads\/2019\/02\/Logo_plataforma.png\",\"width\":505,\"height\":320,\"caption\":\"Plataforma de comunicaci\u00f3\"},\"image\":{\"@id\":\"https:\/\/www.plataformadecomunicacio.com\/#\/schema\/logo\/image\/\"},\"sameAs\":[\"https:\/\/www.facebook.com\/plataformadecomunicacio\/\",\"https:\/\/x.com\/PlataformadeCom\",\"https:\/\/www.linkedin.com\/company\/plataforma-de-comunicaci\u00f3\/\",\"https:\/\/www.youtube.com\/channel\/UCQ4-7CGw0atul0BbEAN5S9w\"]}]}<\/script>\n<!-- \/ Yoast SEO plugin. -->","yoast_head_json":{"title":"Ayuntamiento de la Vila de Piera - Plataforma de comunicaci\u00f3","robots":{"index":"index","follow":"follow","max-snippet":"max-snippet:-1","max-image-preview":"max-image-preview:large","max-video-preview":"max-video-preview:-1"},"canonical":"https:\/\/www.plataformadecomunicacio.com\/ayuntamiento-de-la-vila-de-piera\/","og_locale":"es_ES","og_type":"article","og_title":"Ayuntamiento de la Vila de Piera - Plataforma de comunicaci\u00f3","og_description":"Ayuntamiento de la Vila de Piera Servicios de comunicaci\u00f3n institucional: gesti\u00f3n y elaboraci\u00f3n de contenidos institucionales para el Ayuntamiento de la Vila Piera, con el objetivo de reforzar la imagen p\u00fablica, transmitir los valores del municipio y acercar la actividad de la instituci\u00f3n a la ciudadan\u00eda.","og_url":"https:\/\/www.plataformadecomunicacio.com\/ayuntamiento-de-la-vila-de-piera\/","og_site_name":"Plataforma de comunicaci\u00f3","article_publisher":"https:\/\/www.facebook.com\/plataformadecomunicacio\/","og_image":[{"width":1024,"height":768,"url":"https:\/\/www.plataformadecomunicacio.com\/wp-content\/uploads\/2025\/12\/Fotos-per-pagina-web-3-4.png","type":"image\/png"}],"twitter_card":"summary_large_image","twitter_site":"@PlataformadeCom","schema":{"@context":"https:\/\/schema.org","@graph":[{"@type":"WebPage","@id":"https:\/\/www.plataformadecomunicacio.com\/ayuntamiento-de-la-vila-de-piera\/","url":"https:\/\/www.plataformadecomunicacio.com\/ayuntamiento-de-la-vila-de-piera\/","name":"Ayuntamiento de la Vila de Piera - Plataforma de comunicaci\u00f3","isPartOf":{"@id":"https:\/\/www.plataformadecomunicacio.com\/#website"},"primaryImageOfPage":{"@id":"https:\/\/www.plataformadecomunicacio.com\/ayuntamiento-de-la-vila-de-piera\/#primaryimage"},"image":{"@id":"https:\/\/www.plataformadecomunicacio.com\/ayuntamiento-de-la-vila-de-piera\/#primaryimage"},"thumbnailUrl":"https:\/\/www.plataformadecomunicacio.com\/wp-content\/uploads\/2025\/12\/Fotos-per-pagina-web-3-4.png","datePublished":"2026-01-14T11:26:03+00:00","breadcrumb":{"@id":"https:\/\/www.plataformadecomunicacio.com\/ayuntamiento-de-la-vila-de-piera\/#breadcrumb"},"inLanguage":"es","potentialAction":[{"@type":"ReadAction","target":["https:\/\/www.plataformadecomunicacio.com\/ayuntamiento-de-la-vila-de-piera\/"]}]},{"@type":"ImageObject","inLanguage":"es","@id":"https:\/\/www.plataformadecomunicacio.com\/ayuntamiento-de-la-vila-de-piera\/#primaryimage","url":"https:\/\/www.plataformadecomunicacio.com\/wp-content\/uploads\/2025\/12\/Fotos-per-pagina-web-3-4.png","contentUrl":"https:\/\/www.plataformadecomunicacio.com\/wp-content\/uploads\/2025\/12\/Fotos-per-pagina-web-3-4.png"},{"@type":"BreadcrumbList","@id":"https:\/\/www.plataformadecomunicacio.com\/ayuntamiento-de-la-vila-de-piera\/#breadcrumb","itemListElement":[{"@type":"ListItem","position":1,"name":"Home","item":"https:\/\/www.plataformadecomunicacio.com\/es\/inicio\/"},{"@type":"ListItem","position":2,"name":"Ayuntamiento de la Vila de Piera"}]},{"@type":"WebSite","@id":"https:\/\/www.plataformadecomunicacio.com\/#website","url":"https:\/\/www.plataformadecomunicacio.com\/","name":"Plataforma de comunicaci\u00f3","description":"Comuniquem junts","publisher":{"@id":"https:\/\/www.plataformadecomunicacio.com\/#organization"},"potentialAction":[{"@type":"SearchAction","target":{"@type":"EntryPoint","urlTemplate":"https:\/\/www.plataformadecomunicacio.com\/?s={search_term_string}"},"query-input":{"@type":"PropertyValueSpecification","valueRequired":true,"valueName":"search_term_string"}}],"inLanguage":"es"},{"@type":"Organization","@id":"https:\/\/www.plataformadecomunicacio.com\/#organization","name":"Plataforma de comunicaci\u00f3","url":"https:\/\/www.plataformadecomunicacio.com\/","logo":{"@type":"ImageObject","inLanguage":"es","@id":"https:\/\/www.plataformadecomunicacio.com\/#\/schema\/logo\/image\/","url":"https:\/\/www.plataformadecomunicacio.com\/wp-content\/uploads\/2019\/02\/Logo_plataforma.png","contentUrl":"https:\/\/www.plataformadecomunicacio.com\/wp-content\/uploads\/2019\/02\/Logo_plataforma.png","width":505,"height":320,"caption":"Plataforma de comunicaci\u00f3"},"image":{"@id":"https:\/\/www.plataformadecomunicacio.com\/#\/schema\/logo\/image\/"},"sameAs":["https:\/\/www.facebook.com\/plataformadecomunicacio\/","https:\/\/x.com\/PlataformadeCom","https:\/\/www.linkedin.com\/company\/plataforma-de-comunicaci\u00f3\/","https:\/\/www.youtube.com\/channel\/UCQ4-7CGw0atul0BbEAN5S9w"]}]}},"_links":{"self":[{"href":"https:\/\/www.plataformadecomunicacio.com\/es\/wp-json\/wp\/v2\/pages\/12392","targetHints":{"allow":["GET"]}}],"collection":[{"href":"https:\/\/www.plataformadecomunicacio.com\/es\/wp-json\/wp\/v2\/pages"}],"about":[{"href":"https:\/\/www.plataformadecomunicacio.com\/es\/wp-json\/wp\/v2\/types\/page"}],"author":[{"embeddable":true,"href":"https:\/\/www.plataformadecomunicacio.com\/es\/wp-json\/wp\/v2\/users\/2"}],"replies":[{"embeddable":true,"href":"https:\/\/www.plataformadecomunicacio.com\/es\/wp-json\/wp\/v2\/comments?post=12392"}],"version-history":[{"count":0,"href":"https:\/\/www.plataformadecomunicacio.com\/es\/wp-json\/wp\/v2\/pages\/12392\/revisions"}],"wp:attachment":[{"href":"https:\/\/www.plataformadecomunicacio.com\/es\/wp-json\/wp\/v2\/media?parent=12392"}],"curies":[{"name":"wp","href":"https:\/\/api.w.org\/{rel}","templated":true}]}}

<h1 class="wp-block-heading"><strong>Ayuntamiento de la Vila de Piera</strong></h1>



<div class="wp-block-spacer" style="height: 20px;" aria-hidden="true"></div>




Servicios de <strong>comunicación institucional</strong>: gestión y elaboración de contenidos institucionales para el Ayuntamiento de la Vila Piera, con el objetivo de <strong>reforzar la imagen pública, transmitir los valores del municipio y acercar la actividad de la institución a la ciudadanía</strong>.




<figure class="wp-block-gallery has-nested-images columns-default is-cropped wp-block-gallery-1 is-layout-flex wp-block-gallery-is-layout-flex">
<figure class="wp-block-image size-large"><img loading="lazy" decoding="async" width="1024" height="768" data-id="12125" class="wp-image-12125" src="https://www.plataformadecomunicacio.com/wp-content/uploads/2025/12/Fotos-per-pagina-web-3-4.png" alt="" srcset="https://www.plataformadecomunicacio.com/wp-content/uploads/2025/12/Fotos-per-pagina-web-3-4.png 1024w, https://www.plataformadecomunicacio.com/wp-content/uploads/2025/12/Fotos-per-pagina-web-3-4-300x225.png 300w, https://www.plataformadecomunicacio.com/wp-content/uploads/2025/12/Fotos-per-pagina-web-3-4-768x576.png 768w, https://www.plataformadecomunicacio.com/wp-content/uploads/2025/12/Fotos-per-pagina-web-3-4-705x529.png 705w" sizes="auto, (max-width: 1024px) 100vw, 1024px" /></figure>
</figure>

<p>Ayuntamiento de la Vila de Piera Servicios de comunicación institucional: gestión y elaboración de contenidos institucionales para el Ayuntamiento de la Vila Piera, con el objetivo de reforzar la imagen pública, transmitir los valores del municipio y acercar la actividad de la institución a la ciudadanía.</p>

<!-- This site is optimized with the Yoast SEO plugin v26.1 - https://yoast.com/wordpress/plugins/seo/ -->
<title>Ayuntamiento de la Vila de Piera - Plataforma de comunicació</title>
<meta name="robots" content="index, follow, max-snippet:-1, max-image-preview:large, max-video-preview:-1" />
<link rel="canonical" href="https://www.plataformadecomunicacio.com/ayuntamiento-de-la-vila-de-piera/" />
<meta property="og:locale" content="es_ES" />
<meta property="og:type" content="article" />
<meta property="og:title" content="Ayuntamiento de la Vila de Piera - Plataforma de comunicació" />
<meta property="og:description" content="Ayuntamiento de la Vila de Piera Servicios de comunicación institucional: gestión y elaboración de contenidos institucionales para el Ayuntamiento de la Vila Piera, con el objetivo de reforzar la imagen pública, transmitir los valores del municipio y acercar la actividad de la institución a la ciudadanía." />
<meta property="og:url" content="https://www.plataformadecomunicacio.com/ayuntamiento-de-la-vila-de-piera/" />
<meta property="og:site_name" content="Plataforma de comunicació" />
<meta property="article:publisher" content="https://www.facebook.com/plataformadecomunicacio/" />
<meta property="og:image" content="https://www.plataformadecomunicacio.com/wp-content/uploads/2025/12/Fotos-per-pagina-web-3-4.png" />
	<meta property="og:image:width" content="1024" />
	<meta property="og:image:height" content="768" />
	<meta property="og:image:type" content="image/png" />
<meta name="twitter:card" content="summary_large_image" />
<meta name="twitter:site" content="@PlataformadeCom" />
<script type="application/ld+json" class="yoast-schema-graph">{"@context":"https://schema.org","@graph":[{"@type":"WebPage","@id":"https://www.plataformadecomunicacio.com/ayuntamiento-de-la-vila-de-piera/","url":"https://www.plataformadecomunicacio.com/ayuntamiento-de-la-vila-de-piera/","name":"Ayuntamiento de la Vila de Piera - Plataforma de comunicació","isPartOf":{"@id":"https://www.plataformadecomunicacio.com/#website"},"primaryImageOfPage":{"@id":"https://www.plataformadecomunicacio.com/ayuntamiento-de-la-vila-de-piera/#primaryimage"},"image":{"@id":"https://www.plataformadecomunicacio.com/ayuntamiento-de-la-vila-de-piera/#primaryimage"},"thumbnailUrl":"https://www.plataformadecomunicacio.com/wp-content/uploads/2025/12/Fotos-per-pagina-web-3-4.png","datePublished":"2026-01-14T11:26:03+00:00","breadcrumb":{"@id":"https://www.plataformadecomunicacio.com/ayuntamiento-de-la-vila-de-piera/#breadcrumb"},"inLanguage":"es","potentialAction":[{"@type":"ReadAction","target":["https://www.plataformadecomunicacio.com/ayuntamiento-de-la-vila-de-piera/"]}]},{"@type":"ImageObject","inLanguage":"es","@id":"https://www.plataformadecomunicacio.com/ayuntamiento-de-la-vila-de-piera/#primaryimage","url":"https://www.plataformadecomunicacio.com/wp-content/uploads/2025/12/Fotos-per-pagina-web-3-4.png","contentUrl":"https://www.plataformadecomunicacio.com/wp-content/uploads/2025/12/Fotos-per-pagina-web-3-4.png"},{"@type":"BreadcrumbList","@id":"https://www.plataformadecomunicacio.com/ayuntamiento-de-la-vila-de-piera/#breadcrumb","itemListElement":[{"@type":"ListItem","position":1,"name":"Home","item":"https://www.plataformadecomunicacio.com/es/inicio/"},{"@type":"ListItem","position":2,"name":"Ayuntamiento de la Vila de Piera"}]},{"@type":"WebSite","@id":"https://www.plataformadecomunicacio.com/#website","url":"https://www.plataformadecomunicacio.com/","name":"Plataforma de comunicació","description":"Comuniquem junts","publisher":{"@id":"https://www.plataformadecomunicacio.com/#organization"},"potentialAction":[{"@type":"SearchAction","target":{"@type":"EntryPoint","urlTemplate":"https://www.plataformadecomunicacio.com/?s={search_term_string}"},"query-input":{"@type":"PropertyValueSpecification","valueRequired":true,"valueName":"search_term_string"}}],"inLanguage":"es"},{"@type":"Organization","@id":"https://www.plataformadecomunicacio.com/#organization","name":"Plataforma de comunicació","url":"https://www.plataformadecomunicacio.com/","logo":{"@type":"ImageObject","inLanguage":"es","@id":"https://www.plataformadecomunicacio.com/#/schema/logo/image/","url":"https://www.plataformadecomunicacio.com/wp-content/uploads/2019/02/Logo_plataforma.png","contentUrl":"https://www.plataformadecomunicacio.com/wp-content/uploads/2019/02/Logo_plataforma.png","width":505,"height":320,"caption":"Plataforma de comunicació"},"image":{"@id":"https://www.plataformadecomunicacio.com/#/schema/logo/image/"},"sameAs":["https://www.facebook.com/plataformadecomunicacio/","https://x.com/PlataformadeCom","https://www.linkedin.com/company/plataforma-de-comunicació/","https://www.youtube.com/channel/UCQ4-7CGw0atul0BbEAN5S9w"]}]}</script>
<!-- / Yoast SEO plugin. -->

Ayuntamiento de la Vila de Piera - Plataforma de comunicació

Ayuntamiento de la Vila de Piera Servicios de comunicación institucional: gestión y elaboración de contenidos institucionales para el Ayuntamiento de la Vila Piera, con el objetivo de reforzar la imagen pública, transmitir los valores del municipio y acercar la actividad de la institución a la ciudadanía.

Plataforma de comunicació

https://www.linkedin.com/company/plataforma-de-comunicació/
